{"id":2514,"date":"2024-12-26T14:15:48","date_gmt":"2024-12-26T14:15:48","guid":{"rendered":"https:\/\/lerchenbergtunnel.de\/?page_id=2514"},"modified":"2026-01-15T21:22:55","modified_gmt":"2026-01-15T21:22:55","slug":"das-projekt-ueberblick","status":"publish","type":"page","link":"https:\/\/lerchenbergtunnel.de\/?page_id=2514","title":{"rendered":"Das Projekt &#8211; \u00dcberblick"},"content":{"rendered":"<div class=\"wp-block-image\">\n<figure class=\"alignleft size-medium\"><a href=\"https:\/\/lerchenbergtunnel.de\/wp-content\/uploads\/2020\/05\/Montage_Lerchenbergtunnel.jpg\"><img loading=\"lazy\" decoding=\"async\" width=\"300\" height=\"177\" src=\"https:\/\/lerchenbergtunnel.de\/wp-content\/uploads\/2020\/05\/Montage_Lerchenbergtunnel-300x177.jpg\" alt=\"\" class=\"wp-image-1146\" srcset=\"https:\/\/lerchenbergtunnel.de\/wp-content\/uploads\/2020\/05\/Montage_Lerchenbergtunnel-300x177.jpg 300w, https:\/\/lerchenbergtunnel.de\/wp-content\/uploads\/2020\/05\/Montage_Lerchenbergtunnel-1024x605.jpg 1024w, https:\/\/lerchenbergtunnel.de\/wp-content\/uploads\/2020\/05\/Montage_Lerchenbergtunnel-768x453.jpg 768w, https:\/\/lerchenbergtunnel.de\/wp-content\/uploads\/2020\/05\/Montage_Lerchenbergtunnel-457x270.jpg 457w, https:\/\/lerchenbergtunnel.de\/wp-content\/uploads\/2020\/05\/Montage_Lerchenbergtunnel.jpg 1118w\" sizes=\"auto, (max-width: 300px) 100vw, 300px\" \/><\/a><figcaption class=\"wp-element-caption\">Fotomontage Lerchenbergtunnel mit Radweg<\/figcaption><\/figure>\n<\/div>\n\n\n<p>Entsprechend der Vision des <a href=\"https:\/\/lerchenbergtunnel.de\/?page_id=21\">Vereins<\/a> soll die Trasse der <a href=\"https:\/\/lerchenbergtunnel.de\/?page_id=31\">n\u00f6rdlichen &#8222;Bottwarbahn&#8220; und der <\/a><a href=\"https:\/\/lerchenbergtunnel.de\/?page_id=31\">ehemaligen &#8222;Verbindungsbahn&#8220;<\/a> von der Sontheimer Landwehr\/Merkurstra\u00dfe, \u00fcber den ehemaligen S\u00fcdbahnhof (heute: Wohnquartier) durch den <a href=\"https:\/\/lerchenbergtunnel.de\/?page_id=29\">Lerchenbergtunnel<\/a> bis zur J\u00e4gerhausstra\u00dfe\/Im Wannental in einen <strong>ca. 3,3km Rad- und Fu\u00dfweg zur schnellen und sicheren Verbindung von Sontheim\/S\u00fcdstadt zur Oststadt<\/strong> umgewidmet und ausgebaut werden. Ein entscheidender Vorteil der Trasse ist dabei ihre autofreie, naturnahe und nahezu steigungsfreie, innerst\u00e4dtische <a href=\"https:\/\/lerchenbergtunnel.de\/?page_id=28\">Streckenf\u00fchrung<\/a>.<\/p>\n\n\n<div class=\"wp-block-image is-resized\">\n<figure class=\"alignright\"><a href=\"https:\/\/lerchenbergtunnel.de\/wp-content\/uploads\/2019\/05\/Stadtplan-mit-Radwegen.jpg\"><img loading=\"lazy\" decoding=\"async\" width=\"1024\" height=\"818\" src=\"http:\/\/lerchenbergtunnel.de\/wp-content\/uploads\/2019\/05\/Stadtplan-mit-Radwegen-1024x818.jpg\" alt=\"\" class=\"wp-image-474\" style=\"width:306px;height:auto\" srcset=\"https:\/\/lerchenbergtunnel.de\/wp-content\/uploads\/2019\/05\/Stadtplan-mit-Radwegen-1024x818.jpg 1024w, https:\/\/lerchenbergtunnel.de\/wp-content\/uploads\/2019\/05\/Stadtplan-mit-Radwegen-300x240.jpg 300w, https:\/\/lerchenbergtunnel.de\/wp-content\/uploads\/2019\/05\/Stadtplan-mit-Radwegen-768x614.jpg 768w, https:\/\/lerchenbergtunnel.de\/wp-content\/uploads\/2019\/05\/Stadtplan-mit-Radwegen-338x270.jpg 338w\" sizes=\"auto, (max-width: 1024px) 100vw, 1024px\" \/><\/a><figcaption class=\"wp-element-caption\">Geplante Streckenf\u00fchrung<\/figcaption><\/figure>\n<\/div>\n\n\n<p>Dar\u00fcber hinaus soll der <strong>kulturhistorische Aspekt <\/strong>der ehemaligen Infrastruktur im Heilbronner S\u00fcden als Industriedenkmal hervorgehoben und durch die Einbindung des ca. 390m langen <a href=\"https:\/\/lerchenbergtunnel.de\/?page_id=29\">Lerchenbergtunnels<\/a> in die Streckenf\u00fchrung ein <strong>&#8222;Erlebnisweg&#8220;<\/strong> geschaffen werden. Durch diese Attraktion soll der Freizeitwert der Heilbronner Radrouten gesteigert werden.<\/p>\n\n\n\n<h2 class=\"wp-block-heading\">Alle Infos zum Projekt<\/h2>\n\n\n\n<p><strong>1] <a href=\"https:\/\/lerchenbergtunnel.de\/?page_id=28\">Streckenf\u00fchrung<\/a><\/strong><\/p>\n\n\n\n<p><strong>2] <a href=\"https:\/\/lerchenbergtunnel.de\/?page_id=3048\">Weggestaltung und Planungsdetails<\/a><\/strong><\/p>\n\n\n\n<p><strong>3] <a href=\"https:\/\/lerchenbergtunnel.de\/?page_id=2517\">Projekthistorie<\/a><\/strong><\/p>\n\n\n\n<p><strong>4] <a href=\"https:\/\/lerchenbergtunnel.de\/?page_id=22\">Meilensteine<\/a><\/strong><\/p>\n\n\n\n<p><strong>5] <a href=\"https:\/\/lerchenbergtunnel.de\/?page_id=30\">Finanzierung und Betrieb<\/a><\/strong><\/p>\n\n\n\n<p><strong>6] <a href=\"https:\/\/lerchenbergtunnel.de\/?page_id=29\">Der Lerchenbergtunnel<\/a><\/strong><\/p>\n\n\n\n<p><strong>7] <a href=\"https:\/\/lerchenbergtunnel.de\/?page_id=31\">Historie der Bottwartalbahn<\/a><\/strong><\/p>\n\n\n\n<p><strong>8] <a href=\"https:\/\/lerchenbergtunnel.de\/?page_id=755\">Bilder zum Projekt<\/a><\/strong><\/p>\n\n\n\n<p><strong>9] <a href=\"https:\/\/lerchenbergtunnel.de\/?page_id=80\">Verwandte Projekte<\/a><\/strong><\/p>\n\n\n\n<hr class=\"wp-block-separator has-alpha-channel-opacity\"\/>\n\n\n\n<p class=\"has-text-align-right\"><em>Weiterlesen:<\/em> <strong><a href=\"https:\/\/lerchenbergtunnel.de\/?page_id=28\">Streckenf\u00fchrung &gt;&gt;<\/a><\/strong><\/p>\n\n\n\n<p><a href=\"https:\/\/lerchenbergtunnel.de\/\"><strong>&lt;&lt; Aktuelles<\/strong><\/a> <em>(Zur\u00fcck zur Startseite)<\/em><\/p>\n\n\n\n<p><\/p>\n","protected":false},"excerpt":{"rendered":"<p>Entsprechend der Vision des Vereins soll die Trasse der n\u00f6rdlichen &#8222;Bottwarbahn&#8220; und der ehemaligen &#8222;Verbindungsbahn&#8220; von der Sontheimer Landwehr\/Merkurstra\u00dfe, \u00fcber den ehemaligen S\u00fcdbahnhof (heute: Wohnquartier) durch den Lerchenbergtunnel bis zur J\u00e4gerhausstra\u00dfe\/Im Wannental in einen ca. 3,3km Rad- und Fu\u00dfweg zur schnellen und sicheren Verbindung von Sontheim\/S\u00fcdstadt zur Oststadt umgewidmet und ausgebaut werden. Ein entscheidender Vorteil der Trasse ist dabei ihre autofreie, naturnahe und nahezu steigungsfreie, innerst\u00e4dtische Streckenf\u00fchrung. Dar\u00fcber hinaus soll der kulturhistorische Aspekt der ehemaligen Infrastruktur im Heilbronner S\u00fcden als&#8230;<\/p>\n<p class=\"read-more\"><a class=\"btn btn-default\" href=\"https:\/\/lerchenbergtunnel.de\/?page_id=2514\">Weiterlesen<span class=\"screen-reader-text\"> Weiterlesen<\/span><\/a><\/p>\n","protected":false},"author":7,"featured_media":0,"parent":0,"menu_order":0,"comment_status":"closed","ping_status":"closed","template":"","meta":{"footnotes":""},"class_list":["post-2514","page","type-page","status-publish","hentry"],"featured_image_urls_v2":{"full":"","thumbnail":"","medium":"","medium_large":"","large":"","1536x1536":"","2048x2048":"","complete_open_graph":"","post-thumbnail":"","nisarg-full-width":""},"post_excerpt_stackable_v2":"<p>Fotomontage Lerchenbergtunnel mit Radweg Entsprechend der Vision des Vereins soll die Trasse der n\u00f6rdlichen &#8222;Bottwarbahn&#8220; und der ehemaligen &#8222;Verbindungsbahn&#8220; von der Sontheimer Landwehr\/Merkurstra\u00dfe, \u00fcber den ehemaligen S\u00fcdbahnhof (heute: Wohnquartier) durch den Lerchenbergtunnel bis zur J\u00e4gerhausstra\u00dfe\/Im Wannental in einen ca. 3,3km Rad- und Fu\u00dfweg zur schnellen und sicheren Verbindung von Sontheim\/S\u00fcdstadt zur Oststadt umgewidmet und ausgebaut werden. Ein entscheidender Vorteil der Trasse ist dabei ihre autofreie, naturnahe und nahezu steigungsfreie, innerst\u00e4dtische Streckenf\u00fchrung. Geplante Streckenf\u00fchrung Dar\u00fcber hinaus soll der kulturhistorische Aspekt der ehemaligen Infrastruktur im Heilbronner S\u00fcden als Industriedenkmal hervorgehoben und durch die Einbindung des ca. 390m langen Lerchenbergtunnels in die Streckenf\u00fchrung&hellip;<\/p>\n","category_list_v2":"","author_info_v2":{"name":"Admin","url":"https:\/\/lerchenbergtunnel.de\/?author=7"},"comments_num_v2":"0 comments","_links":{"self":[{"href":"https:\/\/lerchenbergtunnel.de\/index.php?rest_route=\/wp\/v2\/pages\/2514","targetHints":{"allow":["GET"]}}],"collection":[{"href":"https:\/\/lerchenbergtunnel.de\/index.php?rest_route=\/wp\/v2\/pages"}],"about":[{"href":"https:\/\/lerchenbergtunnel.de\/index.php?rest_route=\/wp\/v2\/types\/page"}],"author":[{"embeddable":true,"href":"https:\/\/lerchenbergtunnel.de\/index.php?rest_route=\/wp\/v2\/users\/7"}],"replies":[{"embeddable":true,"href":"https:\/\/lerchenbergtunnel.de\/index.php?rest_route=%2Fwp%2Fv2%2Fcomments&post=2514"}],"version-history":[{"count":15,"href":"https:\/\/lerchenbergtunnel.de\/index.php?rest_route=\/wp\/v2\/pages\/2514\/revisions"}],"predecessor-version":[{"id":3088,"href":"https:\/\/lerchenbergtunnel.de\/index.php?rest_route=\/wp\/v2\/pages\/2514\/revisions\/3088"}],"wp:attachment":[{"href":"https:\/\/lerchenbergtunnel.de\/index.php?rest_route=%2Fwp%2Fv2%2Fmedia&parent=2514"}],"curies":[{"name":"wp","href":"https:\/\/api.w.org\/{rel}","templated":true}]}}